{"id":68,"date":"2022-10-16T21:24:00","date_gmt":"2022-10-16T19:24:00","guid":{"rendered":"https:\/\/castle-ghosts.de\/?page_id=68"},"modified":"2022-11-02T15:37:51","modified_gmt":"2022-11-02T14:37:51","slug":"oliver-thedick","status":"publish","type":"page","link":"https:\/\/castle-ghosts.de\/index.php\/band\/oliver-thedick\/","title":{"rendered":"Oliver Thedick"},"content":{"rendered":"<div id=\"pl-68\"  class=\"panel-layout\" ><div id=\"pg-68-0\"  class=\"panel-grid panel-no-style\" ><div id=\"pgc-68-0-0\"  class=\"panel-grid-cell\" ><div id=\"panel-68-0-0-0\" class=\"so-panel widget widget_sow-editor panel-first-child panel-last-child\" data-index=\"0\" ><div\n\t\t\t\n\t\t\tclass=\"so-widget-sow-editor so-widget-sow-editor-base\"\n\t\t\t\n\t\t>\n<div class=\"siteorigin-widget-tinymce textwidget\">\n\t<p><img loading=\"lazy\" decoding=\"async\" class=\"alignnone size-full wp-image-63\" src=\"https:\/\/castle-ghosts.de\/wp-content\/uploads\/2022\/11\/Panoramas_Thedick_002.jpg\" alt=\"\" width=\"2500\" height=\"565\" \/><\/p>\n<\/div>\n<\/div><\/div><\/div><\/div><div id=\"pg-68-1\"  class=\"panel-grid panel-no-style\" ><div id=\"pgc-68-1-0\"  class=\"panel-grid-cell\" ><div id=\"panel-68-1-0-0\" class=\"so-panel widget widget_sow-editor panel-first-child panel-last-child\" data-index=\"1\" ><div\n\t\t\t\n\t\t\tclass=\"so-widget-sow-editor so-widget-sow-editor-base\"\n\t\t\t\n\t\t>\n<div class=\"siteorigin-widget-tinymce textwidget\">\n\t<p>...<\/p>\n<p>Oliver Thedieck ist nicht nur Castle Ghosts Mitglied, sondern auch ein sehr gefragter Solist und Kammermusiker mit spezieller Ber\u00fccksichtigung der zeitgen\u00f6ssischen und auch s\u00fcdamerikanischen Musik. Bei zahlreichen Konzerten im In- und Ausland begeistert er sein Publikum. Oliver Thedieck pflegt eine rege Zusammenarbeit mit zeitgen\u00f6ssischen Komponisten und brachte viele Werke solistisch wie auch kammermusikalisch zum Vortrag.<\/p>\n<p><strong>Internetseite:<\/strong><br \/>\n<a href=\"http:\/\/www.oliverthedieck.de\/de\" target=\"_blank\" rel=\"noopener\">www.oliverthedieck.de<\/a><\/p>\n<\/div>\n<\/div><\/div><\/div><div id=\"pgc-68-1-1\"  class=\"panel-grid-cell\" ><div id=\"panel-68-1-1-0\" class=\"so-panel widget widget_sow-editor panel-first-child panel-last-child\" data-index=\"2\" ><div\n\t\t\t\n\t\t\tclass=\"so-widget-sow-editor so-widget-sow-editor-base\"\n\t\t\t\n\t\t>\n<div class=\"siteorigin-widget-tinymce textwidget\">\n\t<div class=\"su-image-carousel  su-image-carousel-has-spacing su-image-carousel-has-outline su-image-carousel-adaptive su-image-carousel-slides-style-default su-image-carousel-controls-style-dark su-image-carousel-align-none\" style=\"\" data-flickity-options='{\"groupCells\":true,\"cellSelector\":\".su-image-carousel-item\",\"adaptiveHeight\":true,\"cellAlign\":\"left\",\"prevNextButtons\":true,\"pageDots\":true,\"autoPlay\":5000,\"imagesLoaded\":true,\"contain\":false,\"selectedAttraction\":0.025,\"friction\":0.28}' id=\"su_image_carousel_69f2c04b3982b\"><div class=\"su-image-carousel-item\"><div class=\"su-image-carousel-item-content\"><img loading=\"lazy\" decoding=\"async\" width=\"605\" height=\"907\" src=\"https:\/\/castle-ghosts.de\/wp-content\/uploads\/2022\/10\/portraits_thedieck_001-683x1024.jpg\" class=\"\" alt=\"\" srcset=\"https:\/\/castle-ghosts.de\/wp-content\/uploads\/2022\/10\/portraits_thedieck_001-683x1024.jpg 683w, https:\/\/castle-ghosts.de\/wp-content\/uploads\/2022\/10\/portraits_thedieck_001-200x300.jpg 200w, https:\/\/castle-ghosts.de\/wp-content\/uploads\/2022\/10\/portraits_thedieck_001-768x1152.jpg 768w, https:\/\/castle-ghosts.de\/wp-content\/uploads\/2022\/10\/portraits_thedieck_001-100x150.jpg 100w, https:\/\/castle-ghosts.de\/wp-content\/uploads\/2022\/10\/portraits_thedieck_001-150x225.jpg 150w, https:\/\/castle-ghosts.de\/wp-content\/uploads\/2022\/10\/portraits_thedieck_001-300x450.jpg 300w, https:\/\/castle-ghosts.de\/wp-content\/uploads\/2022\/10\/portraits_thedieck_001-450x675.jpg 450w, https:\/\/castle-ghosts.de\/wp-content\/uploads\/2022\/10\/portraits_thedieck_001-600x900.jpg 600w, https:\/\/castle-ghosts.de\/wp-content\/uploads\/2022\/10\/portraits_thedieck_001.jpg 800w\" sizes=\"auto, (max-width: 605px) 100vw, 605px\" \/><\/div><\/div><div class=\"su-image-carousel-item\"><div class=\"su-image-carousel-item-content\"><img loading=\"lazy\" decoding=\"async\" width=\"605\" height=\"907\" src=\"https:\/\/castle-ghosts.de\/wp-content\/uploads\/2022\/10\/portraits_thedieck_002-683x1024.jpg\" class=\"\" alt=\"\" srcset=\"https:\/\/castle-ghosts.de\/wp-content\/uploads\/2022\/10\/portraits_thedieck_002-683x1024.jpg 683w, https:\/\/castle-ghosts.de\/wp-content\/uploads\/2022\/10\/portraits_thedieck_002-200x300.jpg 200w, https:\/\/castle-ghosts.de\/wp-content\/uploads\/2022\/10\/portraits_thedieck_002-768x1152.jpg 768w, https:\/\/castle-ghosts.de\/wp-content\/uploads\/2022\/10\/portraits_thedieck_002-100x150.jpg 100w, https:\/\/castle-ghosts.de\/wp-content\/uploads\/2022\/10\/portraits_thedieck_002-150x225.jpg 150w, https:\/\/castle-ghosts.de\/wp-content\/uploads\/2022\/10\/portraits_thedieck_002-300x450.jpg 300w, https:\/\/castle-ghosts.de\/wp-content\/uploads\/2022\/10\/portraits_thedieck_002-450x675.jpg 450w, https:\/\/castle-ghosts.de\/wp-content\/uploads\/2022\/10\/portraits_thedieck_002-600x900.jpg 600w, https:\/\/castle-ghosts.de\/wp-content\/uploads\/2022\/10\/portraits_thedieck_002.jpg 800w\" sizes=\"auto, (max-width: 605px) 100vw, 605px\" \/><\/div><\/div><div class=\"su-image-carousel-item\"><div class=\"su-image-carousel-item-content\"><img loading=\"lazy\" decoding=\"async\" width=\"605\" height=\"907\" src=\"https:\/\/castle-ghosts.de\/wp-content\/uploads\/2022\/10\/portraits_thedieck_003-683x1024.jpg\" class=\"\" alt=\"\" srcset=\"https:\/\/castle-ghosts.de\/wp-content\/uploads\/2022\/10\/portraits_thedieck_003-683x1024.jpg 683w, https:\/\/castle-ghosts.de\/wp-content\/uploads\/2022\/10\/portraits_thedieck_003-200x300.jpg 200w, https:\/\/castle-ghosts.de\/wp-content\/uploads\/2022\/10\/portraits_thedieck_003-768x1152.jpg 768w, https:\/\/castle-ghosts.de\/wp-content\/uploads\/2022\/10\/portraits_thedieck_003-100x150.jpg 100w, https:\/\/castle-ghosts.de\/wp-content\/uploads\/2022\/10\/portraits_thedieck_003-150x225.jpg 150w, https:\/\/castle-ghosts.de\/wp-content\/uploads\/2022\/10\/portraits_thedieck_003-300x450.jpg 300w, https:\/\/castle-ghosts.de\/wp-content\/uploads\/2022\/10\/portraits_thedieck_003-450x675.jpg 450w, https:\/\/castle-ghosts.de\/wp-content\/uploads\/2022\/10\/portraits_thedieck_003-600x900.jpg 600w, https:\/\/castle-ghosts.de\/wp-content\/uploads\/2022\/10\/portraits_thedieck_003.jpg 800w\" sizes=\"auto, (max-width: 605px) 100vw, 605px\" \/><\/div><\/div><\/div><script id=\"su_image_carousel_69f2c04b3982b_script\">if(window.SUImageCarousel){setTimeout(function() {window.SUImageCarousel.initGallery(document.getElementById(\"su_image_carousel_69f2c04b3982b\"))}, 0);}var su_image_carousel_69f2c04b3982b_script=document.getElementById(\"su_image_carousel_69f2c04b3982b_script\");if(su_image_carousel_69f2c04b3982b_script){su_image_carousel_69f2c04b3982b_script.parentNode.removeChild(su_image_carousel_69f2c04b3982b_script);}<\/script>\n<p style=\"text-align: left;\">\n<table id=\"tablepress-1\" class=\"tablepress tablepress-id-1\">\n<tbody class=\"row-striping row-hover\">\n<tr class=\"row-1\">\n\t<td class=\"column-1\">Aktuelle Termine:<br \/>\n<br \/>\n<\/td>\n<\/tr>\n<\/tbody>\n<\/table>\n<!-- #tablepress-1 from cache --><\/p>\n<\/div>\n<\/div><\/div><\/div><\/div><\/div>","protected":false},"excerpt":{"rendered":"<p>&#8230; Oliver Thedieck ist nicht nur Castle Ghosts Mitglied, sondern auch ein sehr gefragter Solist und Kammermusiker mit spezieller Ber\u00fccksichtigung der zeitgen\u00f6ssischen und auch s\u00fcdamerikanischen Musik. Bei zahlreichen Konzerten im In- und Ausland begeistert er sein Publikum. Oliver Thedieck pflegt &hellip;<\/p>\n<p class=\"read-more\"> <a class=\"more-link\" href=\"https:\/\/castle-ghosts.de\/index.php\/band\/oliver-thedick\/\"> <span class=\"screen-reader-text\">Oliver Thedick<\/span> Weiterlesen &raquo;<\/a><\/p>\n","protected":false},"author":1,"featured_media":0,"parent":54,"menu_order":4,"comment_status":"closed","ping_status":"closed","template":"full-width-page.php","meta":{"footnotes":""},"class_list":["post-68","page","type-page","status-publish","hentry"],"_links":{"self":[{"href":"https:\/\/castle-ghosts.de\/index.php\/wp-json\/wp\/v2\/pages\/68","targetHints":{"allow":["GET"]}}],"collection":[{"href":"https:\/\/castle-ghosts.de\/index.php\/wp-json\/wp\/v2\/pages"}],"about":[{"href":"https:\/\/castle-ghosts.de\/index.php\/wp-json\/wp\/v2\/types\/page"}],"author":[{"embeddable":true,"href":"https:\/\/castle-ghosts.de\/index.php\/wp-json\/wp\/v2\/users\/1"}],"replies":[{"embeddable":true,"href":"https:\/\/castle-ghosts.de\/index.php\/wp-json\/wp\/v2\/comments?post=68"}],"version-history":[{"count":6,"href":"https:\/\/castle-ghosts.de\/index.php\/wp-json\/wp\/v2\/pages\/68\/revisions"}],"predecessor-version":[{"id":165,"href":"https:\/\/castle-ghosts.de\/index.php\/wp-json\/wp\/v2\/pages\/68\/revisions\/165"}],"up":[{"embeddable":true,"href":"https:\/\/castle-ghosts.de\/index.php\/wp-json\/wp\/v2\/pages\/54"}],"wp:attachment":[{"href":"https:\/\/castle-ghosts.de\/index.php\/wp-json\/wp\/v2\/media?parent=68"}],"curies":[{"name":"wp","href":"https:\/\/api.w.org\/{rel}","templated":true}]}}